) - -4. Let m = z - 182. List the prime factors of m.
2, 3, 5
Let t be (78/24 + -2)/(3/(-12)). What are the prime factors of 4*(t - (-726)/8)?
7
Suppose 10*a = 5*a. Suppose a = o - 3*o + 3*d + 363, 5*d + 361 = 2*o. Suppose -20*q + 23*q - o = 0. List the prime factors of q.
61
Let h(k) = 26018*k - 3179. What are the prime factors of h(3)?
5, 599
Let s(j) = -121*j + 2181. List the prime factors of s(-70).
10651
Let b(k) = 7*k**2 + 12*k - 15. Let y(i) = 8*i**2 + 13*i - 15. Let q(n) = -7*b(n) + 6*y(n). Let f be q(-13). List the prime factors of (-1 - f/(-5))*(-3 - 2).
3
Suppose -43*m + 5*x - 99922 = -52*m, m + x - 11102 = 0. What are the prime factors of m?
3, 3701
Let o(m) be the third derivative of -m**6/120 + 17*m**5/60 - m**4/24 + 5*m**3/3 - m**2 + 5. List the prime factors of o(16).
2, 5
Let a(z) = -41*z - 16 + 1 + 14*z**2 - 16*z**2. Let y(i) = i**3 + 2*i**2 - 2*i - 9. Let d be y(-3). What are the prime factors of a(d)?
3, 7
Let a(r) be the first derivative of -5*r**4/2 - 2*r**3/3 + 3*r**2/2 + 23*r + 40. What are the prime factors of a(-4)?
619
Suppose 26*z - 31*z + 380 = 0. Let x(h) = z - h + 0*h + h + h. What are the prime factors of x(0)?
2, 19
Let p(z) be the first derivative of -16 - 9*z**4 - 2*z + 1/3*z**3 - z**2. List the prime factors of p(-1).
37
Suppose 3672 = -41*l + 68*l. List the prime factors of 10625/l + (-2)/16.
2, 3, 13
Let z(r) = r**3 - 12*r**2 + 19*r + 14. Let y be z(10). Suppose 10*j + 690 = 5*i + 5*j, y*j = -2*i + 270. List the prime factors of i.
137
Let k = 54 + -52. Let d be 0/(k/(-4) - (-1)/(-2)). Suppose -11*q - q + 228 = d. What are the prime factors of q?
19
Let i = 6779 - 862. What are the prime factors of i?
61, 97
Let g be (-9)/6*-1*(-448)/(-48). Suppose -13*k - 1616 = -g*k. What are the prime factors of k?
2, 101
Let f(h) = -7*h**3 - 18*h**2 - 9*h - 6. Let m(j) = 13*j**3 + 36*j**2 + 18*j + 11. Let u(y) = -7*f(y) - 4*m(y). List the prime factors of u(-7).
2, 13
Let g(h) = -h**3 - h**2 + 43*h + 12. Let r be g(-7). Suppose 5*s = 2*k - 2269 - 290, 6470 = r*k + 2*s. What are the prime factors of k?
2, 17, 19
Let o(k) be the first derivative of 15*k**4/4 - k**3/3 + 3*k**2/2 + 3*k + 2. What are the prime factors of o(2)?
5
Suppose -51*r - 56*r = -97*r - 800030. List the prime factors of r.
7, 11, 1039
Let i(j) = -10*j**3 - 52*j**2 - 307*j. List the prime factors of i(-19).
19, 29, 101
Suppose 0 = -y + 2*q + 33308, -4*q + 17 = 45. What are the prime factors of y?
2, 3, 31, 179
List the prime factors of 1 + -6*675/(-6) + 2.
2, 3, 113
Let t be (-5 + (-119 - 0))/(-1). List the prime factors of t/(-217) - (-2104)/7.
2, 3, 5
Let c = 82 - 78. Let a(r) = 15*r**3 - 4*r**2 - 5*r - 1. List the prime factors of a(c).
5, 7
Suppose -w = 4*c - 25, -3*c = -4*w + 8*w - 35. Suppose 120 = -c*x - 15. List the prime factors of 144/x*(-27)/6.
2, 3
Let p(f) = 3*f**3 + 83*f**2 - 84*f + 19. What are the prime factors of p(-20)?
3, 7, 173
Let p = 7302 + -4926. List the prime factors of p.
2, 3, 11
List the prime factors of 1354*2*((-35)/(-10) + 6).
2, 19, 677
Let t(s) = s**3 - 57*s**2 - 146*s + 2906. List the prime factors of t(64).
2, 11117
Let v(l) = 7*l**2 - l - 4. Let t(y) = -y**2 - 12*y + 11. Let f(b) = -b**3 - 6*b**2 - 7*b - 23. Let p be f(-5). Let n be t(p). List the prime factors of v(n).
2, 13
Suppose 0 = -5*z - 469 + 149. Let g = z - -60. List the prime factors of (-2758)/(-12) + g + (-2)/(-12).
2, 113
Suppose 3*x - u - 164 - 92 = 0, -u = 5*x - 408. What are the prime factors of x?
83
What are the prime factors of -1002*(-8)/(-10)*(-25)/30?
2, 167
Suppose 5*l = 0, l - 3*l = -2*x - 8. Let u be 3/(-3) - (5 + x). Let r(g) = -2*g**3 - 5*g - 2. List the prime factors of r(u).
2, 3
Let r be 2 + 4 - 21/(-7). Suppose r*j = 3*j + 3054. Suppose j = 3*a + p, -3*a - 2*a - p = -851. List the prime factors of a.
3, 19
Suppose -54 = -3*q + 3*i, q + 0*i + 2*i = 12. Suppose 3*t + 5*u - q = 37, -5*t + u + 107 = 0. What are the prime factors of t?
3, 7
Let d be ((-68)/238 + 6/(-28))*(6 + -4). Let v be 1/(-3) - (-2716)/(-6). What are the prime factors of (-1)/(d - 450/v)?
151
Suppose -3*q + w + 41443 = 0, -5*w + 518 = 478. What are the prime factors of q?
41, 337
Suppose 0 = -24*o + 7*o + 51. List the prime factors of (-9615)/(-9) - o - (-18)/(-54).
3, 5, 71
Let c = 23 - 11. Suppose -3*q + q - c = 0. What are the prime factors of (q/15)/(1/(-125))?
2, 5
Let n be (-2)/3*(-60)/(-20). Let z(a) = a**3 + 21*a**2 + 20*a - 1. Let w be z(-20). List the prime factors of ((-16)/n + w)*(-1440)/(-210).
2, 3
Suppose 0 = -2*v - v - 195. Let f = 363 + v. List the prime factors of f.
2, 149
Suppose -3020 = -3*m - 2*m. Let f = m - 313. What are the prime factors of f?
3, 97
Suppose 154*j - 1154615 - 388230 = -131281. What are the prime factors of j?
2, 4583
What are the prime factors of 37836358/2436 - (-1)/(-6)?
2, 11, 353
Let b = 6787 - 3665. List the prime factors of b.
2, 7, 223
Let z(v) = -806*v - 291. List the prime factors of z(-4).
7, 419
Suppose -5*l = d - 4*d - 14, -3*l = 3*d - 18. Suppose -2*u + 3*s + 339 = -2970, s + 6633 = l*u. What are the prime factors of u?
3, 7, 79
Let w be 2/((-3044)/(-380) - 8). What are the prime factors of 99351/w + 1/10?
523
Suppose -62*g = -65*g - 3*a + 101052, 3*a + 24 = 0. What are the prime factors of g?
2, 8423
Let c = -20 + 20. Suppose -p = -c*g + 4*g, -p = -3*g. Suppose p = 6*h + 11 - 23. List the prime factors of h.
2
Let q(l) = -l**2 + 10*l + 9. Let b be q(9). Suppose 0 = -d + b + 97. Let u = 166 - d. What are the prime factors of u?
3, 17
Suppose v + 74170 = p + 23313, p - 50855 = 3*v. List the prime factors of p.
2, 59, 431
Suppose -26*k - 99634 = -443536. Suppose -k = -8*h + 1341. What are the prime factors of h?
3, 607
Suppose -3*a = 4*a - 385. Suppose 3*t + a = 43. What are the prime factors of (7 + 10/(-2))*(-138)/t?
3, 23
Suppose 5*x = -5 + 165. Let z(v) = 6*v - x*v + 72*v + 1. List the prime factors of z(1).
47
Let f(o) = 11*o**2 - 4*o + 4. Let r be f(3). Suppose -6*l + r = -1049. What are the prime factors of l?
2, 5, 19
Suppose -18 + 2 = -4*v, -f + 9232 = 3*v. What are the prime factors of f?
2, 5, 461
Let q be ((-4)/(-8))/(3/(-126)). Let v = -18 - q. Suppose 2 = -s - 2, -4*u = v*s - 64. What are the prime factors of u?
19
Suppose 3*j + 2*h - 4346 = 0, 77*j - 79*j + 2895 = -h. List the prime factors of j.
2, 181
Suppose -4 + 8 = 2*y. Suppose y*k + 1039 + 121 = 0. What are the prime factors of (1/(-10)*4)/(2/k)?
2, 29
Let c(x) = 30*x**2 - 2 + 63*x**2 + 21*x**2 + 12*x**2. Let s(v) = -63*v**2 + 1. Let i(a) = 3*c(a) + 5*s(a). List the prime factors of i(1).
2, 31
Let j(f) = f**3 + 33*f**2 - 35*f + 47. What are the prime factors of j(15)?
2, 13, 397
Suppose -3*r = 4*n - 26, 0 = 5*r - 0*r + n - 15. List the prime factors of 64/(4/(4 - r)).
2
Let j(p) = -3*p**3 + 5 + 0*p + 2*p**2 + p**3 - 4 - 5*p. Let l be (-34)/8 + (-6 - (-150)/24). List the prime factors of j(l).
181
What are the prime factors of (2*61)/(-5 + (-5161)/(-1027))?
61, 79
Suppose -60*p - 150434 + 821263 = -595411. List the prime factors of p.
2, 1319
Let i = 527 - -189. Suppose 6*f - 3*f + 6 = 0, 2*y - i = f. What are the prime factors of y?
3, 7, 17
Suppose -15 = -5*x - 5. Let n be (4 - 1) + -2*x/4. Suppose 0 = 10*v - n*v - 216. List the prime factors of v.
3
List the prime factors of 145/2*-4*(-406788)/4665.
2, 29, 109
Suppose -3*k = 5*i - 53281, 45*k = 43*k + 4*i + 35506. List the prime factors of k.
3, 1973
Suppose c = -4 + 6, -2*c = -o + 3740. List the prime factors of o.
2, 3, 13
Suppose 596 = 4*a + 588. Suppose 11*o + a*y = 8*o + 322, 5*o - 4*y = 544. List the prime factors of o.
2, 3
Let b(f) = -1602*f - 1321. List the prime factors of b(-4).
5087
Suppose 2*i + i + 11168 = 32669. List the prime factors of i.
3, 2389
Let l(o) = -3*o - 4 + o**3 + 25 - o + 16*o**2 + 0*o. What are the prime factors of l(-7)?
2, 5, 7
Let p = -283 - -285. Suppose p*x - 94 = -40. What are the prime factors of x?
3
Suppose -b + 5 = -3*p, -3*p + 6*p - 5 = -4*b. Suppose w - b*g + g = -39, -3*g - 219 = 5*w. What are the prime factors of 140/w*45/(-2)?
3, 5
Let n(r) = -9*r**3 - 5*r**2 + 5*r. Suppose i = -4*b + 1, 4*b - 7*b = i. List the prime factors of n(i).
3, 61
Let f(s) = 11*s**3 + s**2 - 5*s + 3. Let t be f(3). Let p = t - -265. List the prime factors of p.
13, 43
Su